3
What is the remainder when 1053046 is divided by 1052972?
74
What is the remainder when 61498488 is divided by 242?
238
Calculate the remainder when 10599858 is divided by 244.
10
Calculate the remainder when 3966703 is divided by 3966690.
13
What is the remainder when 2252176 is divided by 4982?
312
What is the remainder when 35537140 is divided by 11845710?
10
What is the remainder when 226620 is divided by 55?
20
What is the remainder when 216997 is divided by 302?
161
What is the remainder when 4209326 is divided by 2152?
14
Calculate the remainder when 2109359 is divided by 262.
259
Calculate the remainder when 21035044 is divided by 55.
19
Calculate the remainder when 96846 is divided by 131.
37
Calculate the remainder when 440100256 is divided by 440100248.
8
Calculate the remainder when 81670765 is divided by 3151.
3147
Calculate the remainder when 125705933 is divided by 121.
1
What is the remainder when 5510023 is divided by 127?
1
What is the remainder when 1144382247 is divided by 1793?
1790
What is the remainder when 6017561 is divided by 1182?
1181
What is the remainder when 521762006 is divided by 35?
31
What is the remainder when 780229 is divided by 8040?
349
Calculate the remainder when 157452 is divided by 672.
204
What is the remainder when 743192 is divided by 371593?
6
Calculate the remainder when 46471 is divided by 15264.
679
Calculate the remainder when 3232638 is divided by 285.
168
What is the remainder when 1857546 is divided by 430?
376
What is the remainder when 14362618 is divided by 265974?
22
What is the remainder when 32968613 is divided by 29?
21
Calculate the remainder when 29358398 is divided by 10.
8
Calculate the remainder when 21796040 is divided by 7265344.
8
Calculate the remainder when 1754162 is divided by 2253.
1328
What is the remainder when 19855524 is divided by 1805045?
29
What is the remainder when 2616158 is divided by 16988?
6
What is the remainder when 318607 is divided by 7770?
37
Calculate the remainder when 29615403 is divided by 28.
27
Calculate the remainder when 16914 is divided by 310.
174
What is the remainder when 420589 is divided by 1070?
79
Calculate the remainder when 5381416 is divided by 334.
8
What is the remainder when 78572 is divided by 78543?
29
What is the remainder when 44929056 is divided by 554679?
57
What is the remainder when 51144 is divided by 163?
125
What is the remainder when 736467198 is divided by 1904?
1902
Calculate the remainder when 37133453 is divided by 653.
608
Calculate the remainder when 22895 is divided by 2625.
1895
Calculate the remainder when 364607073 is divided by 175.
173
What is the remainder when 76878957 is divided by 13?
12
What is the remainder when 12891071 is divided by 314416?
15
Calculate the remainder when 11535 is divided by 3891.
3753
Calculate the remainder when 256702 is divided by 256044.
658
What is the remainder when 2652047 is divided by 2660?
27
Calculate the remainder when 3260519 is divided by 1506.
29
What is the remainder when 529687 is divided by 85?
52
Calculate the remainder when 182478646 is divided by 52.
38
Calculate the remainder when 2118 is divided by 1943.
175
Calculate the remainder when 3796184 is divided by 1265375.
59
Calculate the remainder when 10447 is divided by 222.
13
What is the remainder when 1151157 is divided by 3243?
3135
What is the remainder when 30918952 is divided by 18?
10
What is the remainder when 382256 is divided by 1241?
28
Calculate the remainder when 704037537 is divided by 20.
17
What is the remainder when 4600767 is divided by 312?
15
Calculate the remainder when 205248 is divided by 2454.
1566
What is the remainder when 12863020 is divided by 182?
170
What is the remainder when 43809649 is divided by 678?
1
Calculate the remainder when 242708 is divided by 40110.
2048
Calculate the remainder when 12220886 is divided by 76.
10
What is the remainder when 8718 is divided by 4175?
368
What is the remainder when 10811 is divided by 4666?
1479
Calculate the remainder when 616540 is divided by 298.
276
Calculate the remainder when 4101765 is divided by 132.
129
Calculate the remainder when 3248737 is divided by 1288.
401
Calculate the remainder when 9842598 is divided by 8.
6
Calculate the remainder when 200823160 is divided by 3136.
3128
Calculate the remainder when 2648584 is divided by 1099.
1093
What is the remainder when 39347038 is divided by 419?
5
Calculate the remainder when 2409677 is divided by 160571.
1112
What is the remainder when 10923953 is divided by 6836?
25
What is the remainder when 194792 is divided by 27652?
1228
Calculate the remainder when 252448 is divided by 112.
0
Calculate the remainder when 131599 is divided by 130.
39
What is the remainder when 1711277 is divided by 448?
365
Calculate the remainder when 88754051 is divided by 109303.
15
What is the remainder when 97212253 is divided by 2574?
2569
What is the remainder when 776225 is divided by 413?
198
Calculate the remainder when 23152438 is divided by 3307487.
29
Calculate the remainder when 4001207 is divided by 778.
731
What is the remainder when 239566 is divided by 118405?
2756
Calculate the remainder when 642057 is divided by 214019.
0
What is the remainder when 109754 is divided by 26120?
5274
What is the remainder when 1225726 is divided by 3286?
48
What is the remainder when 1951734 is divided by 975858?
18
Calculate the remainder when 153359 is divided by 4691.
3247
What is the remainder when 3645102 is divided by 70098?
6
What is the remainder when 19866447 is divided by 8744?
79
Calculate the remainder when 6836883 is divided by 1142.
871
What is the remainder when 34895 is divided by 34765?
130
What is the remainder when 569573 is divided by 302?
1
Calculate the remainder when 12679570 is divided by 521.
514
Calculate the remainder when 350057071 is divided by 181.
175
What is the remainder when 96929124 is divided by 5125?
5124
Calculate the remainder when 6609031 is divided by 5196.
4915
Calculate the remainder when 77339 is divided by 1322.
663
What is the remainder when 3248369 is divided by 2862?
2861
Calculate the remainder when 3390955 is divided by 398.
393
What is the remainder when 36290493 is divided by 2520?
2493
What is the remainder when 4628 is divided by 2158?
312
What is the remainder when 38968 is divided by 9434?
1232
Calculate the remainder when 172905 is divided by 1108.
57
Calculate the remainder when 5294078 is divided by 64.
62
What is the remainder when 7846413 is divided by 30295?
8
What is the remainder when 111838660 is divided by 14?
10
What is the remainder when 318197 is divided by 9642?
11
What is the remainder when 39500490 is divided by 3576?
3570
What is the remainder when 102546 is divided by 50509?
1528
Calculate the remainder when 320565 is divided by 3643.
3624
Calculate the remainder when 121726 is divided by 30287.
578
What is the remainder when 176963 is divided by 1376?
835
Calculate the remainder when 2120001 is divided by 706618.
147
What is the remainder when 7893459 is divided by 57616?
67
What is the remainder when 270459 is divided by 63?
0
What is the remainder when 9261250 is divided by 729?
34
Calculate the remainder when 1522549 is divided by 1173.
1168
What is the remainder when 134432 is divided by 19119?
599
Calculate the remainder when 9254319 is divided by 91.
74
Calculate the remainder when 427944 is divided by 5636.
5244
Calculate the remainder when 5669794 is divided by 52498.
10
What is the remainder when 182273 is divided by 5379?
4766
Calculate the remainder when 1446847 is divided by 37.
36
What is the remainder when 6854495 is divided by 93?
23
Calculate the remainder when 84327 is divided by 514.
31
Calculate the remainder when 327850 is divided by 45.
25
What is the remainder when 5093668 is divided by 4548?
4456
What is the remainder when 649456 is divided by 80472?
5680
What is the remainder when 4669474 is divided by 425?
424
What is the remainder when 8437123 is divided by 2073?
13
Calculate the remainder when 116082 is divided by 4810.
642
What is the remainder when 20244460 is divided by 6?
4
What is the remainder when 5449683 is divided by 669?
9
What is the remainder when 26564 is divided by 7830?
3074
Calculate t